{"id":295,"date":"2024-04-04T18:59:33","date_gmt":"2024-04-04T16:59:33","guid":{"rendered":"https:\/\/hydrogeomtl.com\/?page_id=295"},"modified":"2024-08-27T08:50:27","modified_gmt":"2024-08-27T06:50:27","slug":"en-construction","status":"publish","type":"page","link":"https:\/\/hydrogeomtl.com\/","title":{"rendered":"Hydrog\u00e9ologie de Montr\u00e9al"},"content":{"rendered":"\n<p>Voici les diff\u00e9rents th\u00e8mes portant sur l&rsquo;hydrog\u00e9ologie de l&rsquo;\u00eele de Montr\u00e9al :<\/p>\n\n\n<ul class=\"wp-block-page-list\"><li class=\"wp-block-pages-list__item\"><a class=\"wp-block-pages-list__item__link\" href=\"https:\/\/hydrogeomtl.com\/?page_id=309\">Contamination<\/a><\/li><li class=\"wp-block-pages-list__item\"><a class=\"wp-block-pages-list__item__link\" href=\"https:\/\/hydrogeomtl.com\/?page_id=300\">Eau de surface<\/a><\/li><li class=\"wp-block-pages-list__item\"><a class=\"wp-block-pages-list__item__link\" href=\"https:\/\/hydrogeomtl.com\/?page_id=223\">Eau souterraine<\/a><\/li><li class=\"wp-block-pages-list__item\"><a class=\"wp-block-pages-list__item__link\" href=\"https:\/\/hydrogeomtl.com\/?page_id=19\">G\u00e9ologie de surface<\/a><\/li><li class=\"wp-block-pages-list__item\"><a class=\"wp-block-pages-list__item__link\" href=\"https:\/\/hydrogeomtl.com\/?page_id=64\">G\u00e9ologie du roc<\/a><\/li><li class=\"wp-block-pages-list__item menu-item-home\"><a class=\"wp-block-pages-list__item__link\" href=\"https:\/\/hydrogeomtl.com\/\">Hydrog\u00e9ologie de Montr\u00e9al<\/a><\/li><li class=\"wp-block-pages-list__item\"><a class=\"wp-block-pages-list__item__link\" href=\"https:\/\/hydrogeomtl.com\/?page_id=386\">Occupation du sol et couverture v\u00e9g\u00e9tale<\/a><\/li><li class=\"wp-block-pages-list__item\"><a class=\"wp-block-pages-list__item__link\" href=\"https:\/\/hydrogeomtl.com\/?page_id=324\">Topographie<\/a><\/li><\/ul>\n\n\n<div class=\"wp-block-group alignfull has-global-padding is-layout-constrained wp-container-core-group-is-layout-490fa1db wp-block-group-is-layout-constrained\" style=\"padding-top:var(--wp--preset--spacing--50);padding-right:var(--wp--preset--spacing--50);padding-bottom:var(--wp--preset--spacing--50);padding-left:var(--wp--preset--spacing--50)\">\n<figure class=\"wp-block-image alignwide size-full is-style-rounded is-style-rounded--1\"><img loading=\"lazy\" decoding=\"async\" width=\"700\" height=\"438\" src=\"https:\/\/hydrogeomtl.com\/wp-content\/uploads\/2024\/03\/18847.jpg\" alt=\"\" class=\"wp-image-274\" srcset=\"https:\/\/hydrogeomtl.com\/wp-content\/uploads\/2024\/03\/18847.jpg 700w, https:\/\/hydrogeomtl.com\/wp-content\/uploads\/2024\/03\/18847-300x188.jpg 300w\" sizes=\"auto, (max-width: 700px) 100vw, 700px\" \/><\/figure>\n<\/div>\n\n\n\n<figure class=\"wp-block-image aligncenter size-large\"><img loading=\"lazy\" decoding=\"async\" width=\"1024\" height=\"725\" src=\"https:\/\/hydrogeomtl.com\/wp-content\/uploads\/2024\/08\/Geographie-generale-Ile-de-Montreal-et-les-environs-1024x725.png\" alt=\"\" class=\"wp-image-400\" srcset=\"https:\/\/hydrogeomtl.com\/wp-content\/uploads\/2024\/08\/Geographie-generale-Ile-de-Montreal-et-les-environs-1024x725.png 1024w, https:\/\/hydrogeomtl.com\/wp-content\/uploads\/2024\/08\/Geographie-generale-Ile-de-Montreal-et-les-environs-300x212.png 300w, https:\/\/hydrogeomtl.com\/wp-content\/uploads\/2024\/08\/Geographie-generale-Ile-de-Montreal-et-les-environs-768x544.png 768w, https:\/\/hydrogeomtl.com\/wp-content\/uploads\/2024\/08\/Geographie-generale-Ile-de-Montreal-et-les-environs-1536x1087.png 1536w, https:\/\/hydrogeomtl.com\/wp-content\/uploads\/2024\/08\/Geographie-generale-Ile-de-Montreal-et-les-environs-2048x1450.png 2048w\" sizes=\"auto, (max-width: 1024px) 100vw, 1024px\" \/><\/figure>\n","protected":false},"excerpt":{"rendered":"<p>Voici les diff\u00e9rents th\u00e8mes portant sur l&rsquo;hydrog\u00e9ologie de l&rsquo;\u00eele de Montr\u00e9al :<\/p>\n","protected":false},"author":1,"featured_media":0,"parent":0,"menu_order":0,"comment_status":"closed","ping_status":"closed","template":"","meta":{"footnotes":""},"class_list":["post-295","page","type-page","status-publish","hentry"],"_links":{"self":[{"href":"https:\/\/hydrogeomtl.com\/index.php?rest_route=\/wp\/v2\/pages\/295","targetHints":{"allow":["GET"]}}],"collection":[{"href":"https:\/\/hydrogeomtl.com\/index.php?rest_route=\/wp\/v2\/pages"}],"about":[{"href":"https:\/\/hydrogeomtl.com\/index.php?rest_route=\/wp\/v2\/types\/page"}],"author":[{"embeddable":true,"href":"https:\/\/hydrogeomtl.com\/index.php?rest_route=\/wp\/v2\/users\/1"}],"replies":[{"embeddable":true,"href":"https:\/\/hydrogeomtl.com\/index.php?rest_route=%2Fwp%2Fv2%2Fcomments&post=295"}],"version-history":[{"count":3,"href":"https:\/\/hydrogeomtl.com\/index.php?rest_route=\/wp\/v2\/pages\/295\/revisions"}],"predecessor-version":[{"id":401,"href":"https:\/\/hydrogeomtl.com\/index.php?rest_route=\/wp\/v2\/pages\/295\/revisions\/401"}],"wp:attachment":[{"href":"https:\/\/hydrogeomtl.com\/index.php?rest_route=%2Fwp%2Fv2%2Fmedia&parent=295"}],"curies":[{"name":"wp","href":"https:\/\/api.w.org\/{rel}","templated":true}]}}